en 692171 is divided by 3605.
11
Calculate the remainder when 8126 is divided by 100.
26
Calculate the remainder when 5955 is divided by 2969.
17
Calculate the remainder when 39358 is divided by 12682.
1312
What is the remainder when 109343 is divided by 381?
377
Calculate the remainder when 146526 is divided by 146493.
33
What is the remainder when 8466 is divided by 650?
16
What is the remainder when 4256 is divided by 841?
51
What is the remainder when 94095 is divided by 320?
15
What is the remainder when 3449 is divided by 859?
13
Calculate the remainder when 22511 is divided by 8.
7
Calculate the remainder when 26482 is divided by 1471.
4
Calculate the remainder when 421157 is divided by 68.
33
Calculate the remainder when 1225 is divided by 47.
3
What is the remainder when 2313 is divided by 114?
33
What is the remainder when 63890 is divided by 62?
30
Calculate the remainder when 174562 is divided by 229.
64
What is the remainder when 23578 is divided by 104?
74
Calculate the remainder when 769 is divided by 380.
9
What is the remainder when 13777 is divided by 157?
118
Calculate the remainder when 477 is divided by 89.
32
Calculate the remainder when 7523 is divided by 40.
3
What is the remainder when 662 is divided by 80?
22
Calculate the remainder when 102426 is divided by 542.
530
Calculate the remainder when 2058 is divided by 2049.
9
Calculate the remainder when 15295959 is divided by 40.
39
Calculate the remainder when 7916 is divided by 539.
370
What is the remainder when 4141 is divided by 1971?
199
Calculate the remainder when 712959 is divided by 14.
9
Calculate the remainder when 12299 is divided by 2324.
679
Calculate the remainder when 37840 is divided by 161.
5
What is the remainder when 1029434 is divided by 255?
254
What is the remainder when 29243 is divided by 14?
11
What is the remainder when 8068 is divided by 652?
244
Calculate the remainder when 890878 is divided by 128.
126
Calculate the remainder when 705 is divided by 469.
236
What is the remainder when 6480 is divided by 556?
364
What is the remainder when 19695 is divided by 50?
45
Calculate the remainder when 961399 is divided by 760.
759
What is the remainder when 2169 is divided by 2151?
18
Calculate the remainder when 295163 is divided by 98.
85
What is the remainder when 127384 is divided by 227?
37
What is the remainder when 4078 is divided by 3961?
117
What is the remainder when 2090 is divided by 1828?
262
Calculate the remainder when 35980 is divided by 57.
13
Calculate the remainder when 29619 is divided by 5919.
24
Calculate the remainder when 17270 is divided by 53.
45
What is the remainder when 64634 is divided by 32280?
74
Calculate the remainder when 5498 is divided by 1805.
83
What is the remainder when 132481 is divided by 192?
1
What is the remainder when 5813 is divided by 448?
437
Calculate the remainder when 282447 is divided by 14.
11
Calculate the remainder when 5050 is divided by 777.
388
Calculate the remainder when 207268 is divided by 630.
628
Calculate the remainder when 31932 is divided by 109.
104
What is the remainder when 7881 is divided by 1482?
471
Calculate the remainder when 1921 is divided by 326.
291
What is the remainder when 719 is divided by 155?
99
Calculate the remainder when 42157 is divided by 310.
307
What is the remainder when 7239 is divided by 3600?
39
Calculate the remainder when 4176 is divided by 596.
4
Calculate the remainder when 403 is divided by 262.
141
What is the remainder when 27930 is divided by 901?
900
What is the remainder when 717 is divided by 92?
73
Calculate the remainder when 1572 is divided by 27.
6
What is the remainder when 87800 is divided by 114?
20
What is the remainder when 22953 is divided by 65?
8
What is the remainder when 19222 is divided by 148?
130
Calculate the remainder when 42484 is divided by 21232.
20
What is the remainder when 16739 is divided by 3345?
14
Calculate the remainder when 9500 is divided by 168.
92
What is the remainder when 164512 is divided by 3104?
0
What is the remainder when 2850 is divided by 133?
57
What is the remainder when 24813 is divided by 20?
13
What is the remainder when 1695 is divided by 1665?
30
Calculate the remainder when 5150 is divided by 347.
292
Calculate the remainder when 1054 is divided by 44.
42
What is the remainder when 330170 is divided by 41?
38
What is the remainder when 1985 is divided by 50?
35
Calculate the remainder when 26964 is divided by 355.
339
Calculate the remainder when 15980 is divided by 16.
12
Calculate the remainder when 2696 is divided by 212.
152
What is the remainder when 379 is divided by 74?
9
What is the remainder when 1403 is divided by 603?
197
Calculate the remainder when 20729 is divided by 5178.
17
Calculate the remainder when 5188 is divided by 62.
42
Calculate the remainder when 27942 is divided by 345.
342
What is the remainder when 103014 is divided by 202?
196
What is the remainder when 2260660 is divided by 553?
549
What is the remainder when 400233 is divided by 6?
3
What is the remainder when 67602 is divided by 16900?
2
What is the remainder when 33413 is divided by 8352?
5
Calculate the remainder when 666110 is divided by 12568.
6
Calculate the remainder when 537 is divided by 319.
218
What is the remainder when 335285 is divided by 167635?
15
What is the remainder when 175355 is divided by 167?
5
Calculate the remainder when 432 is divided by 145.
142
What is the remainder when 3166 is divided by 251?
154
What is the remainder when 22183 is divided by 109?
56
What is the remainder when 495 is divided by 37?
14
What is the remainder when 16593 is divided by 54?
15
Calculate the remainder when 956 is divided by 44.
32
What is the remainder when 28957 is divided by 69?
46
What is the remainder when 147781 is divided by 392?
389
Calculate the remainder when 9805 is divided by 74.
37
Calculate the remainder when 209545 is divided by 127.
122
What is the remainder when 122654 is divided by 27?
20
Calculate the remainder when 1125 is divided by 38.
23
Calculate the remainder when 1434214 is divided by 40.
14
Calculate the remainder when 149249 is divided by 750.
749
Calculate the remainder when 55605 is divided by 467.
32
What is the remainder when 292042 is divided by 372?
22
Calculate the remainder when 9030 is divided by 8.
6
What is the remainder when 2257021 is divided by 48?
13
What is the remainder when 4199 is divided by 106?
65
Calculate the remainder when 39366 is divided by 221.
28
Calculate the remainder when 19115 is divided by 105.
5
Calculate the remainder when 3259 is divided by 528.
91
Calculate the remainder when 99962 is divided by 24987.
14
Calculate the remainder when 107997 is divided by 59.
27
What is the remainder when 2376 is divided by 127?
90
What is the remainder when 630698 is divided by 2961?
5
What is the remainder when 38704 is divided by 1284?
184
Calculate the remainder when 31495 is divided by 4499.
2
What is the remainder when 291 is divided by 172?
119
What is the remainder when 20622 is divided by 4116?
42
Calculate the remainder when 11288 is divided by 126.
74
What is the remainder when 7152 is divided by 1147?
270
What is the remainder when 770 is divided by 21?
14
What is the remainder when 140336 is divided by 31?
30
Calculate the remainder when 2127 is divided by 97.
90
What is the remainder when 1567 is divided by 7?
6
What is the remainder when 14530 is divided by 11?
10
What is the remainder when 24217 is divided by 466?
451
Calculate the remainder when 709732 is divided by 69.
67
What is the remainder when 1184 is divided by 230?
34
Calculate the remainder when 10696 is divided by 3300.
796
What is the remainder when 41677 is divided by 443?
35
What is the remainder when 227806 is divided by 131?
128
Calculate the remainder when 918 is divided by 10.
8
What is the remainder when 15035 is divided by 173?
157
Calculate the remainder when 8373 is divided by 442.
417
Calculate the remainder when 14089 is divided by 119.
47
Calculate the remainder when 186448 is divided by 245.
3
What is the remainder when 39335 is divided by 298?
297
What is the remainder when 457901 is divided by 43?
37
What is the remainder when 11509 is divided by 426?
7
Calculat